{"id":402,"date":"2014-05-09T10:41:07","date_gmt":"2014-05-09T15:41:07","guid":{"rendered":"http:\/\/www.electropol.com.co\/blog\/?page_id=402"},"modified":"2020-03-10T15:00:21","modified_gmt":"2020-03-10T20:00:21","slug":"blitzplaner-manual-de-proteccion","status":"publish","type":"page","link":"https:\/\/electropol.com.co\/blog\/blitzplaner-manual-de-proteccion\/","title":{"rendered":"Blitzplaner: Manual de protecci\u00f3n contra rayos (E-BOOK Gratuito)"},"content":{"rendered":"\n<div class=\"wp-block-cover alignfull has-background-dim-20 has-background-dim\" style=\"background-image:url(https:\/\/www.electropol.com.co\/blog2\/wp-content\/uploads\/2014\/05\/banner-blitzplaner.jpg)\"><div class=\"wp-block-cover__inner-container is-layout-flow wp-block-cover-is-layout-flow\">\n<h2 class=\"wp-block-heading\">Manual de protecci\u00f3n: Aprende sobre protecci\u00f3n contra rayos y sobretensiones<\/h2>\n\n\n\n<h3 class=\"has-text-align-center wp-block-heading\">Blitzplaner eBook GRATIS Contenido t\u00e9cnico orientado a la pr\u00e1ctica<\/h3>\n\n\n\n<div class=\"wp-block-columns is-layout-flex wp-container-core-columns-is-layout-9d6595d7 wp-block-columns-is-layout-flex\">\n<div class=\"wp-block-column is-layout-flow wp-block-column-is-layout-flow\">\n<p>Descargar  <div class='w3eden'><!-- WPDM Link Template: Default Template -->\n\n<div class=\"link-template-default card mb-2\">\n    <div class=\"card-body\">\n        <div class=\"media\">\n            <div class=\"mr-3 img-48\"><img decoding=\"async\" class=\"wpdm_icon\" alt=\"Icono\" src=\"https:\/\/electropol.com.co\/blog\/wp-content\/plugins\/download-manager\/assets\/file-type-icons\/pdf.svg\" \/><\/div>\n            <div class=\"media-body\">\n                <h3 class=\"package-title\"><a href='https:\/\/electropol.com.co\/blog\/download\/blitzplaner-manual-de-proteccion-contra-rayos\/'>Blitzplaner - Manual de protecci\u00f3n contra rayos<\/a><\/h3>\n                <div class=\"text-muted text-small\"><i class=\"fas fa-copy\"><\/i> 1 archivo(s) <i class=\"fas fa-hdd ml-3\"><\/i> 12.12 MB<\/div>\n            <\/div>\n            <div class=\"ml-3\">\n                <a class='wpdm-download-link download-on-click btn btn-primary ' rel='nofollow' href='#' data-downloadurl=\"https:\/\/electropol.com.co\/blog\/download\/blitzplaner-manual-de-proteccion-contra-rayos\/?wpdmdl=2510&refresh=69d512c146cd01775571649\">Descargar<\/a>\n            <\/div>\n        <\/div>\n    <\/div>\n<\/div>\n\n<\/div><\/p>\n<\/div>\n\n\n\n<div class=\"wp-block-column is-layout-flow wp-block-column-is-layout-flow\">\n<p><strong>Notas:<\/strong><br>Para aprender c\u00f3mo descomprimir el archivo descargado (*.zip) <a href=\"http:\/\/youtu.be\/c2RSncq4cfI?t=1m\" target=\"_blank\" rel=\"noreferrer noopener\">vea este video<\/a>.\n\n<\/p>\n\n\n\n<p><\/p>\n<\/div>\n<\/div>\n<\/div><\/div>\n\n\n\n<hr class=\"wp-block-separator\"\/>\n\n\n\n<div class=\"wp-block-columns is-layout-flex wp-container-core-columns-is-layout-9d6595d7 wp-block-columns-is-layout-flex\">\n<div class=\"wp-block-column is-layout-flow wp-block-column-is-layout-flow\">\n<div class=\"wp-block-image\"><figure class=\"alignright size-large\"><img loading=\"lazy\" decoding=\"async\" width=\"199\" height=\"119\" src=\"https:\/\/www.electropol.com.co\/blog2\/wp-content\/uploads\/2014\/05\/logo-dehn.png\" alt=\"dehn\" class=\"wp-image-1064\" srcset=\"https:\/\/electropol.com.co\/blog\/wp-content\/uploads\/2014\/05\/logo-dehn.png 199w, https:\/\/electropol.com.co\/blog\/wp-content\/uploads\/2014\/05\/logo-dehn-128x77.png 128w\" sizes=\"auto, (max-width: 199px) 100vw, 199px\" \/><\/figure><\/div>\n<\/div>\n\n\n\n<div class=\"wp-block-column is-layout-flow wp-block-column-is-layout-flow\">\n<p style=\"text-align: left;\">Manual de protecci\u00f3n contra rayos y sobretensiones recomendado por<br \/><strong> <a href=\"https:\/\/www.dehn-international.com\/en\" target=\"_blank\" rel=\"noopener noreferrer\">DEHN + S\u00d6HNE<\/a><\/strong><br \/>Pioneros en protecci\u00f3n contra rayos<\/p>\n<\/div>\n<\/div>\n\n\n\n<hr class=\"wp-block-separator\"\/>\n\n\n\n<div class=\"wp-block-cover alignfull has-vivid-red-background-color has-background-dim\"><div class=\"wp-block-cover__inner-container is-layout-flow wp-block-cover-is-layout-flow\">\n<hr class=\"wp-block-separator\"\/>\n\n\n\n<h2 class=\"has-text-align-center wp-block-heading\">Manual de protecci\u00f3n protecci\u00f3n contra rayos<\/h2>\n\n\n\n<div class=\"wp-block-columns is-layout-flex wp-container-core-columns-is-layout-9d6595d7 wp-block-columns-is-layout-flex\">\n<div class=\"wp-block-column is-layout-flow wp-block-column-is-layout-flow\">\n<div id=\"bp-ben-03\">&nbsp;<\/div>\n<p align=\"center\"><strong>ENCUENTRA<\/strong><br>todo sobre rayos<\/p>\n\n\n\n<p><\/p>\n<\/div>\n\n\n\n<div class=\"wp-block-column is-layout-flow wp-block-column-is-layout-flow\">\n<div id=\"bp-ben-05\">&nbsp;<\/div>\n<p align=\"center\"><strong>CONOZCA<\/strong><br>ejemplo de aplicaci\u00f3n<\/p>\n<\/div>\n\n\n\n<div class=\"wp-block-column is-layout-flow wp-block-column-is-layout-flow\">\n<div id=\"bp-ben-04\">&nbsp;<\/div>\n<p align=\"center\"><strong>DOMINE<\/strong><br>t\u00e9cnicas de instalaci\u00f3n<\/p>\n<\/div>\n<\/div>\n\n\n\n<div class=\"wp-block-columns is-layout-flex wp-container-core-columns-is-layout-9d6595d7 wp-block-columns-is-layout-flex\">\n<div class=\"wp-block-column is-layout-flow wp-block-column-is-layout-flow\">\n<div id=\"bp-ben-01\">&nbsp;<\/div>\n<p align=\"center\"><strong>APRENDA<\/strong><br>a seleccionar DPS<\/p>\n\n\n\n<p><\/p>\n<\/div>\n\n\n\n<div class=\"wp-block-column is-layout-flow wp-block-column-is-layout-flow\">\n<div id=\"bp-ben-06\">&nbsp;<\/div>\n<p align=\"center\"><strong>DISE\u00d1E<\/strong><br>sistemas de protecci\u00f3n<\/p>\n<\/div>\n\n\n\n<div class=\"wp-block-column is-layout-flow wp-block-column-is-layout-flow\">\n<div id=\"bp-ben-02\">&nbsp;<\/div>\n<p align=\"center\"><strong>RESUELVA<\/strong><br>problemas complejos<\/p>\n<\/div>\n<\/div>\n<\/div><\/div>\n\n\n\n<hr class=\"wp-block-separator\"\/>\n\n\n\n<div class=\"wp-block-columns is-layout-flex wp-container-core-columns-is-layout-9d6595d7 wp-block-columns-is-layout-flex\">\n<div class=\"wp-block-column is-layout-flow wp-block-column-is-layout-flow\">\n<div class=\"wp-block-image\"><figure class=\"alignright size-large is-resized\"><img loading=\"lazy\" decoding=\"async\" src=\"https:\/\/www.electropol.com.co\/blog\/wp-content\/uploads\/2014\/05\/blitzplaner-contenido-1.gif\" alt=\"\" width=\"362\" height=\"362\"\/><\/figure><\/div>\n<\/div>\n\n\n\n<div class=\"wp-block-column is-layout-flow wp-block-column-is-layout-flow\">\n<h2>Contenido<\/h2>\n<ul>\n<li>Estado de la t\u00e9cnica para instalaci\u00f3n<\/li>\n<li>Valores caracter\u00edsticos de la corriente de rayo<\/li>\n<li>Dise\u00f1o de un sistema de protecci\u00f3n contra rayos<\/li>\n<li>Sistema de protecci\u00f3n contra rayos<\/li>\n<li>Protecci\u00f3n externa contra rayos<\/li>\n<li>Protecci\u00f3n interna contra rayos<\/li>\n<li>Protecci\u00f3n de sistemas el\u00e9ctricos y electr\u00f3nicos contra LEMP<\/li>\n<li>Selecci\u00f3n, instalaci\u00f3n y montaje de DPS<\/li>\n<li>Ejemplos de aplicaci\u00f3n<\/li>\n<\/ul>\n<\/div>\n<\/div>\n\n\n\n<hr class=\"wp-block-separator has-text-color has-background\" style=\"background-color:#ffffff;color:#ffffff\"\/>\n\n\n\n<hr class=\"wp-block-separator has-text-color has-background\" style=\"background-color:#ffffff;color:#ffffff\"\/>\n\n\n\n<div class=\"wp-block-columns is-layout-flex wp-container-core-columns-is-layout-9d6595d7 wp-block-columns-is-layout-flex\">\n<div class=\"wp-block-column is-layout-flow wp-block-column-is-layout-flow\">\n<h2>Sinopsis<\/h2>\n<p>Manual de <strong>protecci\u00f3n integral contra rayos y sobretensiones<\/strong> con alto contenido t\u00e9cnico, <strong>orientado a la pr\u00e1ctica<\/strong>, que ofrece al lector abundante informaci\u00f3n sobre:<\/p>\n<ul>\n<li>Conceptos fundamentales<\/li>\n<li>Principios b\u00e1sicos<\/li>\n<li>Normativa internacional vigente<\/li>\n<\/ul>\n<\/div>\n\n\n\n<div class=\"wp-block-column is-layout-flow wp-block-column-is-layout-flow\">\n<div class=\"wp-block-image\"><figure class=\"aligncenter size-large is-resized\"><img loading=\"lazy\" decoding=\"async\" src=\"https:\/\/www.electropol.com.co\/blog\/wp-content\/uploads\/2014\/05\/blitzplaner-sinopsis.jpg\" alt=\"\" width=\"281\" height=\"281\"\/><\/figure><\/div>\n<\/div>\n<\/div>\n\n\n\n<hr class=\"wp-block-separator has-text-color has-background\" style=\"background-color:#ffffff;color:#ffffff\"\/>\n\n\n\n<hr class=\"wp-block-separator has-text-color has-background\" style=\"background-color:#ffffff;color:#ffffff\"\/>\n\n\n\n<div class=\"wp-block-columns is-layout-flex wp-container-core-columns-is-layout-9d6595d7 wp-block-columns-is-layout-flex\">\n<div class=\"wp-block-column is-layout-flow wp-block-column-is-layout-flow\">\n<div class=\"wp-block-image\"><figure class=\"alignright size-large is-resized\"><img loading=\"lazy\" decoding=\"async\" src=\"https:\/\/www.electropol.com.co\/blog\/wp-content\/uploads\/2014\/05\/blitzplaner-formato-atrativo.gif\" alt=\"\" width=\"362\" height=\"362\"\/><\/figure><\/div>\n<\/div>\n\n\n\n<div class=\"wp-block-column is-layout-flow wp-block-column-is-layout-flow\">\n<p>Se presenta en un <strong>atractivo formato<\/strong> que aporta numerosas:<\/p>\n<ul>\n<li>Tablas<\/li>\n<li>Fotograf\u00edas<\/li>\n<li>Informaci\u00f3n gr\u00e1fica<\/li>\n<\/ul>\n<p>Complementando e ilustrando los contenidos t\u00e9cnicos de los diferentes cap\u00edtulos que lo conforman.<\/p>\n<\/div>\n<\/div>\n<!-- AddThis Advanced Settings generic via filter on the_content --><!-- AddThis Share Buttons generic via filter on the_content -->","protected":false},"excerpt":{"rendered":"<p>Manual de protecci\u00f3n contra rayos y sobretensiones recomendado por DEHN + S\u00d6HNEPioneros en protecci\u00f3n contra rayos Contenido Estado de la t\u00e9cnica para instalaci\u00f3n Valores caracter\u00edsticos de la corriente de rayo Dise\u00f1o de un sistema de protecci\u00f3n contra rayos Sistema de protecci\u00f3n contra rayos Protecci\u00f3n externa contra rayos Protecci\u00f3n interna contra rayos Protecci\u00f3n de sistemas el\u00e9ctricos &#8230; <a title=\"Blitzplaner: Manual de protecci\u00f3n contra rayos (E-BOOK Gratuito)\" class=\"read-more\" href=\"https:\/\/electropol.com.co\/blog\/blitzplaner-manual-de-proteccion\/\">Leer<\/a><!-- AddThis Advanced Settings generic via filter on get_the_excerpt --><!-- AddThis Share Buttons generic via filter on get_the_excerpt --><\/p>\n","protected":false},"author":6,"featured_media":0,"parent":0,"menu_order":0,"comment_status":"open","ping_status":"open","template":"","meta":{"footnotes":""},"class_list":["post-402","page","type-page","status-publish"],"yoast_head":"<!-- This site is optimized with the Yoast SEO plugin v27.3 - https:\/\/yoast.com\/product\/yoast-seo-wordpress\/ -->\n<title>Manual de protecci\u00f3n contra rayos y sobretensiones<\/title>\n<meta name=\"description\" content=\"Manual de protecci\u00f3n: Aprende sobre protecci\u00f3n contra rayos y sobretensiones. Contenido t\u00e9cnico orientado a la pr\u00e1ctica. Blitzplaner eBook GRATIS\" \/>\n<meta name=\"robots\" content=\"index, follow, max-snippet:-1, max-image-preview:large, max-video-preview:-1\" \/>\n<link rel=\"canonical\" href=\"https:\/\/electropol.com.co\/blog\/blitzplaner-manual-de-proteccion\/\" \/>\n<meta property=\"og:locale\" content=\"es_ES\" \/>\n<meta property=\"og:type\" content=\"article\" \/>\n<meta property=\"og:title\" content=\"Manual de protecci\u00f3n contra rayos y sobretensiones\" \/>\n<meta property=\"og:description\" content=\"Manual de protecci\u00f3n: Aprende sobre protecci\u00f3n contra rayos y sobretensiones. Contenido t\u00e9cnico orientado a la pr\u00e1ctica. Blitzplaner eBook GRATIS\" \/>\n<meta property=\"og:url\" content=\"https:\/\/electropol.com.co\/blog\/blitzplaner-manual-de-proteccion\/\" \/>\n<meta property=\"og:site_name\" content=\"Rayo-Resistente. Electropol Colombia Distribuidor de Weidm\u00fcller\" \/>\n<meta property=\"article:modified_time\" content=\"2020-03-10T20:00:21+00:00\" \/>\n<meta property=\"og:image\" content=\"https:\/\/www.electropol.com.co\/blog2\/wp-content\/uploads\/2014\/05\/logo-dehn.png\" \/>\n<meta name=\"twitter:card\" content=\"summary_large_image\" \/>\n<meta name=\"twitter:label1\" content=\"Tiempo de lectura\" \/>\n\t<meta name=\"twitter:data1\" content=\"1 minuto\" \/>\n<script type=\"application\/ld+json\" class=\"yoast-schema-graph\">{\"@context\":\"https:\\\/\\\/schema.org\",\"@graph\":[{\"@type\":\"WebPage\",\"@id\":\"https:\\\/\\\/electropol.com.co\\\/blog\\\/blitzplaner-manual-de-proteccion\\\/\",\"url\":\"https:\\\/\\\/electropol.com.co\\\/blog\\\/blitzplaner-manual-de-proteccion\\\/\",\"name\":\"Manual de protecci\u00f3n contra rayos y sobretensiones\",\"isPartOf\":{\"@id\":\"https:\\\/\\\/electropol.com.co\\\/blog\\\/#website\"},\"primaryImageOfPage\":{\"@id\":\"https:\\\/\\\/electropol.com.co\\\/blog\\\/blitzplaner-manual-de-proteccion\\\/#primaryimage\"},\"image\":{\"@id\":\"https:\\\/\\\/electropol.com.co\\\/blog\\\/blitzplaner-manual-de-proteccion\\\/#primaryimage\"},\"thumbnailUrl\":\"https:\\\/\\\/www.electropol.com.co\\\/blog2\\\/wp-content\\\/uploads\\\/2014\\\/05\\\/logo-dehn.png\",\"datePublished\":\"2014-05-09T15:41:07+00:00\",\"dateModified\":\"2020-03-10T20:00:21+00:00\",\"description\":\"Manual de protecci\u00f3n: Aprende sobre protecci\u00f3n contra rayos y sobretensiones. Contenido t\u00e9cnico orientado a la pr\u00e1ctica. Blitzplaner eBook GRATIS\",\"breadcrumb\":{\"@id\":\"https:\\\/\\\/electropol.com.co\\\/blog\\\/blitzplaner-manual-de-proteccion\\\/#breadcrumb\"},\"inLanguage\":\"es\",\"potentialAction\":[{\"@type\":\"ReadAction\",\"target\":[\"https:\\\/\\\/electropol.com.co\\\/blog\\\/blitzplaner-manual-de-proteccion\\\/\"]}]},{\"@type\":\"ImageObject\",\"inLanguage\":\"es\",\"@id\":\"https:\\\/\\\/electropol.com.co\\\/blog\\\/blitzplaner-manual-de-proteccion\\\/#primaryimage\",\"url\":\"https:\\\/\\\/www.electropol.com.co\\\/blog2\\\/wp-content\\\/uploads\\\/2014\\\/05\\\/logo-dehn.png\",\"contentUrl\":\"https:\\\/\\\/www.electropol.com.co\\\/blog2\\\/wp-content\\\/uploads\\\/2014\\\/05\\\/logo-dehn.png\"},{\"@type\":\"BreadcrumbList\",\"@id\":\"https:\\\/\\\/electropol.com.co\\\/blog\\\/blitzplaner-manual-de-proteccion\\\/#breadcrumb\",\"itemListElement\":[{\"@type\":\"ListItem\",\"position\":1,\"name\":\"Portada\",\"item\":\"https:\\\/\\\/electropol.com.co\\\/blog\\\/\"},{\"@type\":\"ListItem\",\"position\":2,\"name\":\"Blitzplaner: Manual de protecci\u00f3n contra rayos (E-BOOK Gratuito)\"}]},{\"@type\":\"WebSite\",\"@id\":\"https:\\\/\\\/electropol.com.co\\\/blog\\\/#website\",\"url\":\"https:\\\/\\\/electropol.com.co\\\/blog\\\/\",\"name\":\"Rayo-Resistente. EPOL OIL SAS Representante de DEHN & S\u00d6HNE\",\"description\":\"Informaci\u00f3n especializada sobre pararrayos, DPS supresor el\u00e9ctrico, y normas t\u00e9cnicas para hacerlo rayo resistente\",\"publisher\":{\"@id\":\"https:\\\/\\\/electropol.com.co\\\/blog\\\/#organization\"},\"potentialAction\":[{\"@type\":\"SearchAction\",\"target\":{\"@type\":\"EntryPoint\",\"urlTemplate\":\"https:\\\/\\\/electropol.com.co\\\/blog\\\/?s={search_term_string}\"},\"query-input\":{\"@type\":\"PropertyValueSpecification\",\"valueRequired\":true,\"valueName\":\"search_term_string\"}}],\"inLanguage\":\"es\"},{\"@type\":\"Organization\",\"@id\":\"https:\\\/\\\/electropol.com.co\\\/blog\\\/#organization\",\"name\":\"Rayo-Resistente. EPOL OIL SAS Representante de DEHN & S\u00d6HNE\",\"url\":\"https:\\\/\\\/electropol.com.co\\\/blog\\\/\",\"logo\":{\"@type\":\"ImageObject\",\"inLanguage\":\"es\",\"@id\":\"https:\\\/\\\/electropol.com.co\\\/blog\\\/#\\\/schema\\\/logo\\\/image\\\/\",\"url\":\"https:\\\/\\\/www.electropol.com.co\\\/blog\\\/wp-content\\\/uploads\\\/2020\\\/03\\\/blog_logo.jpg\",\"contentUrl\":\"https:\\\/\\\/www.electropol.com.co\\\/blog\\\/wp-content\\\/uploads\\\/2020\\\/03\\\/blog_logo.jpg\",\"width\":173,\"height\":64,\"caption\":\"Rayo-Resistente. EPOL OIL SAS Representante de DEHN & S\u00d6HNE\"},\"image\":{\"@id\":\"https:\\\/\\\/electropol.com.co\\\/blog\\\/#\\\/schema\\\/logo\\\/image\\\/\"}}]}<\/script>\n<!-- \/ Yoast SEO plugin. -->","yoast_head_json":{"title":"Manual de protecci\u00f3n contra rayos y sobretensiones","description":"Manual de protecci\u00f3n: Aprende sobre protecci\u00f3n contra rayos y sobretensiones. Contenido t\u00e9cnico orientado a la pr\u00e1ctica. Blitzplaner eBook GRATIS","robots":{"index":"index","follow":"follow","max-snippet":"max-snippet:-1","max-image-preview":"max-image-preview:large","max-video-preview":"max-video-preview:-1"},"canonical":"https:\/\/electropol.com.co\/blog\/blitzplaner-manual-de-proteccion\/","og_locale":"es_ES","og_type":"article","og_title":"Manual de protecci\u00f3n contra rayos y sobretensiones","og_description":"Manual de protecci\u00f3n: Aprende sobre protecci\u00f3n contra rayos y sobretensiones. Contenido t\u00e9cnico orientado a la pr\u00e1ctica. Blitzplaner eBook GRATIS","og_url":"https:\/\/electropol.com.co\/blog\/blitzplaner-manual-de-proteccion\/","og_site_name":"Rayo-Resistente. Electropol Colombia Distribuidor de Weidm\u00fcller","article_modified_time":"2020-03-10T20:00:21+00:00","og_image":[{"url":"https:\/\/www.electropol.com.co\/blog2\/wp-content\/uploads\/2014\/05\/logo-dehn.png","type":"","width":"","height":""}],"twitter_card":"summary_large_image","twitter_misc":{"Tiempo de lectura":"1 minuto"},"schema":{"@context":"https:\/\/schema.org","@graph":[{"@type":"WebPage","@id":"https:\/\/electropol.com.co\/blog\/blitzplaner-manual-de-proteccion\/","url":"https:\/\/electropol.com.co\/blog\/blitzplaner-manual-de-proteccion\/","name":"Manual de protecci\u00f3n contra rayos y sobretensiones","isPartOf":{"@id":"https:\/\/electropol.com.co\/blog\/#website"},"primaryImageOfPage":{"@id":"https:\/\/electropol.com.co\/blog\/blitzplaner-manual-de-proteccion\/#primaryimage"},"image":{"@id":"https:\/\/electropol.com.co\/blog\/blitzplaner-manual-de-proteccion\/#primaryimage"},"thumbnailUrl":"https:\/\/www.electropol.com.co\/blog2\/wp-content\/uploads\/2014\/05\/logo-dehn.png","datePublished":"2014-05-09T15:41:07+00:00","dateModified":"2020-03-10T20:00:21+00:00","description":"Manual de protecci\u00f3n: Aprende sobre protecci\u00f3n contra rayos y sobretensiones. Contenido t\u00e9cnico orientado a la pr\u00e1ctica. Blitzplaner eBook GRATIS","breadcrumb":{"@id":"https:\/\/electropol.com.co\/blog\/blitzplaner-manual-de-proteccion\/#breadcrumb"},"inLanguage":"es","potentialAction":[{"@type":"ReadAction","target":["https:\/\/electropol.com.co\/blog\/blitzplaner-manual-de-proteccion\/"]}]},{"@type":"ImageObject","inLanguage":"es","@id":"https:\/\/electropol.com.co\/blog\/blitzplaner-manual-de-proteccion\/#primaryimage","url":"https:\/\/www.electropol.com.co\/blog2\/wp-content\/uploads\/2014\/05\/logo-dehn.png","contentUrl":"https:\/\/www.electropol.com.co\/blog2\/wp-content\/uploads\/2014\/05\/logo-dehn.png"},{"@type":"BreadcrumbList","@id":"https:\/\/electropol.com.co\/blog\/blitzplaner-manual-de-proteccion\/#breadcrumb","itemListElement":[{"@type":"ListItem","position":1,"name":"Portada","item":"https:\/\/electropol.com.co\/blog\/"},{"@type":"ListItem","position":2,"name":"Blitzplaner: Manual de protecci\u00f3n contra rayos (E-BOOK Gratuito)"}]},{"@type":"WebSite","@id":"https:\/\/electropol.com.co\/blog\/#website","url":"https:\/\/electropol.com.co\/blog\/","name":"Rayo-Resistente. EPOL OIL SAS Representante de DEHN & S\u00d6HNE","description":"Informaci\u00f3n especializada sobre pararrayos, DPS supresor el\u00e9ctrico, y normas t\u00e9cnicas para hacerlo rayo resistente","publisher":{"@id":"https:\/\/electropol.com.co\/blog\/#organization"},"potentialAction":[{"@type":"SearchAction","target":{"@type":"EntryPoint","urlTemplate":"https:\/\/electropol.com.co\/blog\/?s={search_term_string}"},"query-input":{"@type":"PropertyValueSpecification","valueRequired":true,"valueName":"search_term_string"}}],"inLanguage":"es"},{"@type":"Organization","@id":"https:\/\/electropol.com.co\/blog\/#organization","name":"Rayo-Resistente. EPOL OIL SAS Representante de DEHN & S\u00d6HNE","url":"https:\/\/electropol.com.co\/blog\/","logo":{"@type":"ImageObject","inLanguage":"es","@id":"https:\/\/electropol.com.co\/blog\/#\/schema\/logo\/image\/","url":"https:\/\/www.electropol.com.co\/blog\/wp-content\/uploads\/2020\/03\/blog_logo.jpg","contentUrl":"https:\/\/www.electropol.com.co\/blog\/wp-content\/uploads\/2020\/03\/blog_logo.jpg","width":173,"height":64,"caption":"Rayo-Resistente. EPOL OIL SAS Representante de DEHN & S\u00d6HNE"},"image":{"@id":"https:\/\/electropol.com.co\/blog\/#\/schema\/logo\/image\/"}}]}},"_links":{"self":[{"href":"https:\/\/electropol.com.co\/blog\/wp-json\/wp\/v2\/pages\/402","targetHints":{"allow":["GET"]}}],"collection":[{"href":"https:\/\/electropol.com.co\/blog\/wp-json\/wp\/v2\/pages"}],"about":[{"href":"https:\/\/electropol.com.co\/blog\/wp-json\/wp\/v2\/types\/page"}],"author":[{"embeddable":true,"href":"https:\/\/electropol.com.co\/blog\/wp-json\/wp\/v2\/users\/6"}],"replies":[{"embeddable":true,"href":"https:\/\/electropol.com.co\/blog\/wp-json\/wp\/v2\/comments?post=402"}],"version-history":[{"count":0,"href":"https:\/\/electropol.com.co\/blog\/wp-json\/wp\/v2\/pages\/402\/revisions"}],"wp:attachment":[{"href":"https:\/\/electropol.com.co\/blog\/wp-json\/wp\/v2\/media?parent=402"}],"curies":[{"name":"wp","href":"https:\/\/api.w.org\/{rel}","templated":true}]}}